e ((-26)/(-4))/(4/16). Let o = f + i. What is the units digit of o?
8
Let g(b) be the second derivative of 0 - b + 1/6*b**3 + 5/2*b**2. What is the units digit of g(-3)?
2
Let i(y) = y**3 + 4*y**2 + 2*y - 2. Suppose -2*r - 2*t + 12 = -3*r, 0 = 4*r - t + 13. What is the units digit of i(r)?
2
Let y(j) be the third derivative of j**6/120 - j**5/30 - 2*j**3/3 + j**2. What is the units digit of y(3)?
5
What is the units digit of 22/10 + 2 - 7/35?
4
Let g(w) = -w**3 - w**2 - 2*w - 3. Let h be (4/(-8))/((-1)/(-4)). Let x be g(h). Suppose -4*r + 12 = -r, 2*s + 14 = x*r. What is the units digit of s?
3
Suppose 4*p + 5*k - 53 = 0, p - 45 = -3*p + 3*k. What is the units digit of p?
2
Suppose 3*j = -4*b + 225, 0 = 5*b - 0*j - 4*j - 258. What is the units digit of b?
4
Let m be (4/5)/((-1)/5). Let n(c) = 4 + 4*c - 4 - 3 - c**3 + c - 2*c**2. What is the units digit of n(m)?
9
Let d(u) = -u**3 + 7*u**2 - 5*u + 1. Let b be d(6). Suppose 3*x - m + 1 = b, 0 = 2*x + 5*m - 21. What is the units digit of x?
3
Let m be 51/3 + 2/1. Suppose -2*z + m = -21. Let l = z + -8. What is the units digit of l?
2
Suppose -162 = -2*u - u. What is the units digit of 8/28 + u/7?
8
Let g be 2/6 + 28/6. Let h = -6 + g. What is the units digit of h/(3*-1)*12?
4
Let h = 4 - 9. Let a(x) = 3*x**3 - 8*x**2 + 6*x - 13. Let u(z) = -z**3 + 4*z**2 - 3*z + 6. Let i(n) = h*u(n) - 2*a(n). What is the units digit of i(-5)?
6
Let v(x) = 5*x + 2. Let s be v(2). Suppose -4*n + s = -0. What is the units digit of n?
3
Suppose 11*a = -3*a + 1190. What is the units digit of a?
5
Suppose 0 = -5*j - 6 + 1. Let z be j + 50 - (4 + -7). Suppose 3*m = 7*m - z. What is the units digit of m?
3
Let w(f) be the third derivative of f**5/60 + f**4/6 + 7*f**3/6 + f**2. Let r = 1 - 6. What is the tens digit of w(r)?
1
Let k = -2 - 5. Let f = 13 + k. What is the units digit of f?
6
Suppose 5*i - 2*i = 75. What is the tens digit of i?
2
Suppose 0 = 2*u - 6*u - 2*n - 32, n = 0. Let c = u - -13. What is the units digit of 0 + c - 0/(-3)?
5
Suppose 6 = -4*r - 3*z - 0, -4 = -3*r + 2*z. Suppose 3*o + v - 7 = 2*o, r = 3*o - v - 37. Let d = 19 - o. What is the units digit of d?
8
Suppose 4*f - 40 = m + m, -m + 34 = 4*f. Let g = 12 - f. What is the units digit of g?
3
Let a(u) = 4*u**2. Let n be a(1). Let c(l) = l**2 - 3*l + 2. What is the units digit of c(n)?
6
Let f = 3 - 3. Suppose -14*w + 16*w - 96 = f. What is the units digit of w?
8
What is the tens digit of (-236 + (-5 - -8))*-1?
3
Let t(q) = q**3 - 7*q**2 - 6*q + 4. What is the hundreds digit of t(9)?
1
Let u(k) = -5*k**3 - 3*k - 2. What is the tens digit of u(-2)?
4
Let u be 6/30 + 126/(-5). Let h = -46 - u. What is the tens digit of (-363)/h - 6/21?
1
Let l = -8 - -13. Suppose 3 = -4*m + 3*v, -6*m + m + 5*v - l = 0. What is the units digit of (-6 - -17)*(m - -1)?
1
Suppose 4 = 2*g - 0. Suppose -2*s + 53 = c, -114 = -3*s + 5*c - g. What is the tens digit of s?
2
Let t = 1007 - 569. What is the units digit of t?
8
Let m(p) = 373*p - 14. What is the tens digit of m(1)?
5
Suppose -5*r + 20 = 5. Suppose -x - 3 = -2*l + r, x = 5*l - 18. What is the units digit of x?
2
Let q be (-24)/(-10) - (-4)/(-10). Let y = 5 + q. What is the units digit of y?
7
What is the units digit of (-23 - -1 - -1)*-2?
2
Let q be ((-4)/10)/((-1)/10). Let v(j) = -j**2 + 5*j + 2. What is the units digit of v(q)?
6
Let b(y) = -5*y. What is the tens digit of b(-7)?
3
Suppose 0 = 5*i + 5, 7*w = 3*w - 4*i + 148. What is the tens digit of w?
3
Let l(x) = -11*x**3 - 3*x**2 + x + 0*x**3 + 4*x**2 - 21*x**3. Let b be l(-1). Suppose -6*h = -2*h - b. What is the units digit of h?
8
What is the hundreds digit of (234/(-6))/((-1)/3)?
1
Let r(h) = 116*h**2 - 1. What is the units digit of r(-1)?
5
Let o(s) = 6 - 9 + 2 + s**2 + 0 + s. Let h be o(-2). What is the units digit of ((-2)/6)/(h/(-51))?
7
Let a = -204 + 285. What is the tens digit of a?
8
Suppose 2*w = -3*d + 70, 0 = -w + 2*d - 24 + 59. Suppose 2*h + y - 11 = -2*y, -2*h + 5*y = -w. What is the tens digit of h?
1
Suppose c = 4*p - 3 + 14, -c = -3*p - 7. Let u be ((-6)/p)/((-3)/(-4)). What is the tens digit of (u/5)/(4/140)?
1
Suppose 6*c - 830 = -314. What is the tens digit of c?
8
Suppose -2*p + p - 2*m + 5 = 0, 2*p - 4*m = 2. Suppose 3*v = g - 4*g + 21, 31 = 5*v + p*g. Let b(d) = d. What is the units digit of b(v)?
5
Let l = 886 - 1244. What is the units digit of 2/10 - l/10?
6
Suppose -3*q + 213 + 12 = 0. Suppose 0 = -3*z + 8*z - q. What is the units digit of z?
5
Let y(i) = -14*i**3 + 4*i**2 + 4*i + 2. What is the hundreds digit of y(-2)?
1
Suppose -4*m - 6 = -5*m + 2*w, 0 = -5*w - 10. What is the tens digit of (m/6)/((-1)/(-66))?
2
Suppose 2*d - 5*b = -2*b + 219, -2*b + 10 = 0. What is the hundreds digit of d?
1
Suppose 3*w = 2*w + 72. Let n = w + -51. What is the units digit of n?
1
Let h = -7 + 9. What is the tens digit of 705/20 - h/8?
3
Let x(r) = 3*r**2 + 7*r + 2. Let v be x(-8). Suppose l = -5*l + v. What is the tens digit of l?
2
Let d(h) = 3*h**2 + 5*h + 2. Suppose 2*k - 2*l - 6 = -5*l, -2*k - 14 = -2*l. What is the units digit of d(k)?
4
Let b(z) = 2*z**2 + 7*z - 6. What is the tens digit of b(-10)?
2
Suppose 0 = -5*n + l + 44, -n + 3*l + 16 = -4. Let m = n - -1. Suppose -p - 2*p = -m. What is the units digit of p?
3
Suppose 0*o = o - 4. Let y = o - -8. Let b = -3 + y. What is the units digit of b?
9
Let n(r) = -r + 4*r**2 - 26 + 26. What is the tens digit of n(-2)?
1
Suppose -r = -5*t + 2 + 1, -5*r + 7 = -3*t. Suppose -2*z + 48 = r*z. What is the units digit of z?
2
Suppose -5*q + 47 = -18. Let c = q + -6. What is the units digit of c?
7
Let o = 682 - 452. What is the tens digit of o?
3
Let y = 2 - -1. Suppose -4*l = -3*k - 1, -y*l + 3*k - 1 = 2*l. What is the units digit of (-1)/l - 115/(-10)?
2
Suppose 318 = 3*f - 3*k, 5*f - 4*k = -5*k + 518. What is the tens digit of f?
0
Suppose -u = -4*b - 83 - 3, -5*u + 540 = 2*b. What is the units digit of u?
6
Let y be 1/((-3 - -2)/1). What is the tens digit of y/((-81)/39 + 2)?
1
Let d = 6 - -9. Let u = -11 + d. What is the units digit of (-84)/(-10) + u/(-10)?
8
Let c = -8 - -12. Suppose c*j = -2*u + 42, -5*u = -4*j - 6 + 13. Suppose -j = -4*z + 8. What is the units digit of z?
4
Let j be (-6)/(-4) + 18/(-4). What is the units digit of j + (36/3 - 3)?
6
Suppose 0*i = -5*i - 4*b - 6, -b = -4*i - 9. What is the units digit of i - -3 - (-1 + -2)?
4
What is the tens digit of 26/(-117) - (-1046)/9?
1
Let s be (12/(-5))/(3/(-10)). Let z = s + -5. What is the units digit of z?
3
What is the tens digit of (69/(-6))/(-1 + (-2)/(-4))?
2
Let u(m) = m + 5. Let k be u(-4). Let i = -11 - k. Let l = i + 20. What is the units digit of l?
8
Suppose 27 + 207 = 3*g. Let a = -49 + g. What is the tens digit of a?
2
Let f(b) be the first derivative of b**3/3 - 3*b**2/2 + 4*b - 1. Let i be f(3). Suppose -4*j + 12 = 2*r, -6*r + 2*r + i = 3*j. What is the units digit of j?
4
Let w be (2/(-4))/((-2)/(-16)). Let j(r) = 2*r**2 - 4*r - 2. Let z(y) = -y**2 + 1. Let k(o) = j(o) + 3*z(o). What is the units digit of k(w)?
1
Let r(f) = -2*f**3 - 4*f**2 - 5*f + 5. What is the tens digit of r(-4)?
8
Let m(i) = 12*i - 6. Let v be m(4). What is the units digit of (-20)/15*v/(-4)?
4
Suppose 3*v + 13 = 4*q - 9, -4*q + 4*v = -24. Suppose 0 = -3*m + 10*m - 21. Suppose m*w + 4*o = -4 + 12, q*w + 4*o = 16. What is the units digit of w?
8
Suppose i = 4*q - 18, -2*i + 10 = 3*i. Suppose 2*y - 14 = -y + 5*c, c - 14 = -q*y. Suppose -y*u + 17 = -10. What is the units digit of u?
9
Let i be 1*(2 - 2)*1. Suppose -4*s + i + 28 = 0. What is the units digit of s?
7
What is the tens digit of -3*(-3)/((-18)/(-398))?
9
What is the units digit of ((-8)/(-6))/(26/429)?
2
Let q = 6 + -2. Let k = q + -1. What is the units digit of k?
3
Let p(b) = b**3 + 8*b**2 + 8*b + 5. Let u be p(-7). Let c(w) = w**3 + 2*w**2 - w + 1. What is the units digit of c(u)?
3
Let c(l) = l**3 - l + 10. Let x be c(0). Let v = x + -1. Suppose 2 = -d + v. What is the units digit of d?
7
Suppose 13 = 4*c - 11. Let u(t) = t - 2. What is the units digit of u(c)?
4
Suppose -3 = s - 7. What is the units digit of s?
4
Let c = -55 - -127. What is the units digit of c?
2
Let w(h) = h**2 - h + 1. Let k(b) = -b + 4. Let n be k(3). Let q be w(n). Let u = q - -5. What is the units digit o